81
List the prime factors of 320.
2, 5
List the prime factors of 2594.
2, 1297
List the prime factors of 4640.
2, 5, 29
List the prime factors of 10048.
2, 157
List the prime factors of 5238.
2, 3, 97
What are the prime factors of 30729?
3, 10243
List the prime factors of 46267.
13, 3559
What are the prime factors of 7411?
7411
List the prime factors of 28509.
3, 13, 17, 43
List the prime factors of 21669.
3, 31, 233
List the prime factors of 1576.
2, 197
What are the prime factors of 16055?
5, 13, 19
List the prime factors of 1129.
1129
List the prime factors of 2168.
2, 271
List the prime factors of 5983.
31, 193
List the prime factors of 57.
3, 19
List the prime factors of 1374.
2, 3, 229
List the prime factors of 1777.
1777
List the prime factors of 3550.
2, 5, 71
List the prime factors of 78131.
23, 43, 79
List the prime factors of 91803.
3, 71, 431
What are the prime factors of 2850?
2, 3, 5, 19
What are the prime factors of 3642?
2, 3, 607
What are the prime factors of 254?
2, 127
List the prime factors of 9501.
3, 3167
What are the prime factors of 24503?
107, 229
What are the prime factors of 34665?
3, 5, 2311
What are the prime factors of 6367?
6367
List the prime factors of 2294.
2, 31, 37
List the prime factors of 10385.
5, 31, 67
What are the prime factors of 4257?
3, 11, 43
List the prime factors of 4111.
4111
What are the prime factors of 8906?
2, 61, 73
What are the prime factors of 373?
373
What are the prime factors of 15592?
2, 1949
What are the prime factors of 1351?
7, 193
List the prime factors of 11711.
7, 239
List the prime factors of 15194.
2, 71, 107
What are the prime factors of 9282?
2, 3, 7, 13, 17
List the prime factors of 12566.
2, 61, 103
List the prime factors of 4645.
5, 929
List the prime factors of 35092.
2, 31, 283
What are the prime factors of 3229?
3229
List the prime factors of 1941.
3, 647
List the prime factors of 1163.
1163
What are the prime factors of 11669?
7, 1667
List the prime factors of 2032.
2, 127
What are the prime factors of 2400?
2, 3, 5
What are the prime factors of 788?
2, 197
List the prime factors of 6456.
2, 3, 269
List the prime factors of 26404.
2, 7, 23, 41
List the prime factors of 4092.
2, 3, 11, 31
List the prime factors of 107009.
7, 15287
What are the prime factors of 1711?
29, 59
What are the prime factors of 789?
3, 263
What are the prime factors of 95067?
3, 7, 503
List the prime factors of 335.
5, 67
What are the prime factors of 6308?
2, 19, 83
List the prime factors of 71239.
7, 10177
List the prime factors of 7211.
7211
What are the prime factors of 28781?
17, 1693
List the prime factors of 46585.
5, 7, 11
What are the prime factors of 865?
5, 173
List the prime factors of 2327.
13, 179
What are the prime factors of 8813?
7, 1259
List the prime factors of 764.
2, 191
What are the prime factors of 16306?
2, 31, 263
What are the prime factors of 5583?
3, 1861
What are the prime factors of 2442?
2, 3, 11, 37
What are the prime factors of 3837?
3, 1279
List the prime factors of 141381.
3, 23, 683
List the prime factors of 24591.
3, 7, 1171
What are the prime factors of 22775?
5, 911
List the prime factors of 4664.
2, 11, 53
List the prime factors of 941.
941
What are the prime factors of 21891?
3, 7297
What are the prime factors of 52297?
7, 31, 241
What are the prime factors of 19916?
2, 13, 383
List the prime factors of 39847.
39847
What are the prime factors of 36876?
2, 3, 7, 439
What are the prime factors of 36386?
2, 7, 23, 113
List the prime factors of 51792.
2, 3, 13, 83
What are the prime factors of 508?
2, 127
What are the prime factors of 357?
3, 7, 17
List the prime factors of 1917.
3, 71
List the prime factors of 38175.
3, 5, 509
List the prime factors of 969.
3, 17, 19
List the prime factors of 2814.
2, 3, 7, 67
List the prime factors of 52136.
2, 7, 19
List the prime factors of 3865.
5, 773
What are the prime factors of 646?
2, 17, 19
What are the prime factors of 106637?
106637
What are the prime factors of 14796?
2, 3, 137
What are the prime factors of 2103?
3, 701
What are the prime factors of 123477?
3, 79, 521
What are the prime factors of 6282?
2, 3, 349
List the prime factors of 2473.
2473
What are the prime factors of 2964?
2, 3, 13, 19
What are the prime factors of 1637?
1637
List the prime factors of 891.
3, 11
What are the prime factors of 22752?
2, 3, 79
List the prime factors of 3635.
5, 727
List the prime factors of 571.
571
List the prime factors of 855.
3, 5, 19
List the prime factors of 461.
461
What are the prime factors of 122884?
2, 31, 991
What are the prime factors of 21659?
11, 179
List the prime factors of 23549.
23549
List the prime factors of 295.
5, 59
List the prime factors of 1899.
3, 211
What are the prime factors of 4231?
4231
What are the prime factors of 141135?
3, 5, 97
What are the prime factors of 7484?
2, 1871
What are the prime factors of 9711?
3, 13, 83
List the prime factors of 7212.
2, 3, 601
List the prime factors of 64160.
2, 5, 401
What are the prime factors of 6171?
3, 11, 17
What are the prime factors of 1603?
7, 229
List the prime factors of 3773.
7, 11
What are the prime factors of 100?
2, 5
List the prime factors of 378.
2, 3, 7
List the prime factors of 5333.
5333
List the prime factors of 63098.
2, 7, 4507
What are the prime factors of 32074?
2, 7, 29, 79
List the prime factors of 1500.
2, 3, 5
List the prime factors of 774.
2, 3, 43
List the prime factors of 39799.
39799
What are the prime factors of 397?
397
What are the prime factors of 1711?
29, 59
List the prime factors of 56.
2, 7
What are the prime factors of 4854?
2, 3, 809
List the prime factors of 6329.
6329
What are the prime factors of 6689?
6689
List the prime factors of 1863.
3, 23
What are the prime factors of 185?
5, 37
List the prime factors of 30859.
30859
What are the prime factors of 3929?
3929
List the prime factors of 3205.
5, 641
What are the prime factors of 1082?
2, 541
List the prime factors of 14927.
11, 23, 59
What are the prime factors of 2786?
2, 7, 199
What are the prime factors of 63402?
2, 3, 10567
What are the prime factors of 17137?
17137
What are the prime factors of 18533?
43, 431
What are the prime factors of 6105?
3, 5, 11, 37
List the prime factors of 19990.
2, 5, 1999
List the prime factors of 14851.
14851
List the prime factors of 3388.
2, 7, 11
What are the prime factors of 20765?
5, 4153
What are the prime factors of 8210?
2, 5, 821
List the prime factors of 3667.
19, 193
What are the prime factors of 1466?
2, 733
List the prime factors of 35328.
2, 3, 23
What are the prime factors of 293?
293
List the prime factors of 311.
311
What are the prime factors of 15065?
5, 23, 131
List the prime factors of 74321.
13, 5717
List the prime factors of 1196.
2, 13, 23
List the prime factors of 598.
2, 13, 23
What are the prime factors of 2085?
3, 5, 139
List the prime factors of 2289.
3, 7, 109
What are the prime factors of 33206?
2, 16603
List the prime factors of 19722.
2, 3, 19, 173
List the prime factors of 12647.
12647
What are the prime factors of 69472?
2, 13, 167
What are the prime factors of 1028?
2, 257
List the prime factors of 2392.
2, 13, 23
List the prime factors of 19314.
2, 3, 29, 37
List the prime factors of 77185.
5, 43, 359
List the prime factors of 152120.
2, 5, 3803
What are the prime factors of 2538?
2, 3, 47
List the prime factors of 361.
19
List the prime factors of 2300.
2, 5, 23
What are the prime factors of 1205?
5, 241
List the prime factors of 15315.
3, 5, 1021
What are the prime factors of 2091?
3, 17, 41
What are the prime factors of 312?
2, 3, 13
List the prime factors of 348.
2, 3, 29
List the prime factors of 22676.
2, 5669
List the prime factors of 15377.
15377
What are the prime factors of 1404?
2, 3, 13
What are the prime factors of 2470?
2, 5, 13, 19
List the prime factors of 762.
2, 3, 127
List the prime factors of 75861.
3, 8429
List the prime factors of 39588.
2, 3, 3299
List the prime factors of 5884.
2, 1471
List the prime factors of 2414.
2, 17, 71
What are the prime factors of 3094?
2, 7, 13, 17
List the prime factors of 1107.
3, 41
List the prime factors of 862.
2, 431
What are the prime factors of 2352?
2, 3, 7
List the prime factors of 4064.
2, 127
What are the prime factors